he hundreds digit of 106355487?
4
What is the hundreds digit of 2270241975?
9
What is the units digit of 555120190?
0
What is the hundred thousands digit of 39965347?
9
What is the units digit of 79103480?
0
What is the ten thousands digit of 1063304501?
0
What is the ten millions digit of 2115100360?
1
What is the hundred millions digit of 172483523?
1
What is the tens digit of 99064781?
8
What is the thousands digit of 104395554?
5
What is the thousands digit of 45808950?
8
What is the ten thousands digit of 59524677?
2
What is the billions digit of 3066238467?
3
What is the thousands digit of 496375655?
5
What is the ten thousands digit of 24527040?
2
What is the ten thousands digit of 568200139?
0
What is the ten millions digit of 2767676277?
6
What is the millions digit of 80167432?
0
What is the millions digit of 1000254968?
0
What is the ten millions digit of 908925195?
0
What is the hundred millions digit of 388437449?
3
What is the hundreds digit of 650681932?
9
What is the millions digit of 166293118?
6
What is the hundred millions digit of 417462722?
4
What is the hundred thousands digit of 157090932?
0
What is the hundreds digit of 308157574?
5
What is the billions digit of 1652358012?
1
What is the ten thousands digit of 1913353201?
5
What is the hundreds digit of 29325539?
5
What is the units digit of 114282670?
0
What is the ten millions digit of 241003540?
4
What is the units digit of 43926265?
5
What is the hundred thousands digit of 92285185?
2
What is the hundred thousands digit of 3961112957?
1
What is the units digit of 112679579?
9
What is the tens digit of 106546483?
8
What is the units digit of 18185530?
0
What is the millions digit of 87655937?
7
What is the hundreds digit of 25993906?
9
What is the ten thousands digit of 109108229?
0
What is the hundreds digit of 44952347?
3
What is the ten millions digit of 1303984104?
0
What is the hundred thousands digit of 92136869?
1
What is the thousands digit of 406684841?
4
What is the tens digit of 13592257?
5
What is the ten thousands digit of 1489380313?
8
What is the millions digit of 2426866053?
6
What is the tens digit of 1134399487?
8
What is the ten thousands digit of 446877858?
7
What is the millions digit of 37778322?
7
What is the hundreds digit of 406971355?
3
What is the hundred millions digit of 5847863120?
8
What is the hundred millions digit of 1405637473?
4
What is the units digit of 1722623104?
4
What is the ten thousands digit of 837739?
3
What is the thousands digit of 1574153063?
3
What is the hundred millions digit of 1061376675?
0
What is the units digit of 71826362?
2
What is the ten thousands digit of 1483028279?
2
What is the tens digit of 3447016699?
9
What is the ten thousands digit of 19308568?
0
What is the ten millions digit of 53312851?
5
What is the hundreds digit of 127012008?
0
What is the ten thousands digit of 715442744?
4
What is the thousands digit of 126099104?
9
What is the units digit of 5883284967?
7
What is the hundred millions digit of 5590469603?
5
What is the ten thousands digit of 40602536?
0
What is the hundred thousands digit of 90058179?
0
What is the tens digit of 460059114?
1
What is the units digit of 846552878?
8
What is the tens digit of 1160023081?
8
What is the hundred thousands digit of 1618227113?
2
What is the ten millions digit of 220235722?
2
What is the thousands digit of 235417282?
7
What is the millions digit of 825068710?
5
What is the hundred millions digit of 2870480601?
8
What is the tens digit of 3168647?
4
What is the hundred millions digit of 170815990?
1
What is the hundreds digit of 111873521?
5
What is the ten millions digit of 37172599?
3
What is the hundreds digit of 1077760349?
3
What is the tens digit of 108249577?
7
What is the ten millions digit of 127282406?
2
What is the units digit of 109336258?
8
What is the hundred thousands digit of 291959?
2
What is the thousands digit of 567640235?
0
What is the hundred millions digit of 369649714?
3
What is the ten thousands digit of 49414498?
1
What is the thousands digit of 32393015?
3
What is the millions digit of 875019572?
5
What is the ten millions digit of 54861620?
5
What is the tens digit of 75521935?
3
What is the ten thousands digit of 169486216?
8
What is the ten thousands digit of 493036192?
3
What is the ten millions digit of 28297635?
2
What is the units digit of 142474097?
7
What is the millions digit of 569814610?
9
What is the millions digit of 1655359467?
5
What is the hundred thousands digit of 32193069?
1
What is the hundred millions digit of 684188599?
6
What is the hundred thousands digit of 295631295?
6
What is the ten millions digit of 301071076?
0
What is the millions digit of 45344530?
5
What is the hundred thousands digit of 4177241038?
2
What is the hundred millions digit of 170162498?
1
What is the thousands digit of 147854658?
4
What is the thousands digit of 779971243?
1
What is the ten millions digit of 35653784?
3
What is the hundred thousands digit of 5850929107?
9
What is the hundreds digit of 178900357?
3
What is the hundred thousands digit of 146981863?
9
What is the hundred thousands digit of 44469265?
4
What is the tens digit of 76070628?
2
What is the hundred millions digit of 531022880?
5
What is the tens digit of 419333157?
5
What is the hundreds digit of 97604802?
8
What is the hundred thousands digit of 276586346?
5
What is the thousands digit of 221061524?
1
What is the units digit of 3657209218?
8
What is the hundred millions digit of 161041135?
1
What is the thousands digit of 676710752?
0
What is the units digit of 18512112?
2
What is the hundreds digit of 282225068?
0
What is the millions digit of 1283789756?
3
What is the hundred thousands digit of 290026816?
0
What is the thousands digit of 72451745?
1
What is the billions digit of 3923250137?
3
What is the thousands digit of 545611626?
1
What is the hundred millions digit of 1596061131?
5
What is the tens digit of 91118601?
0
What is the units digit of 19898219?
9
What is the tens digit of 3103024?
2
What is the tens digit of 1639932029?
2
What is the ten thousands digit of 8886339?
8
What is the hundreds digit of 247882912?
9
What is the hundred thousands digit of 606309918?
3
What is the hundred thousands digit of 529600470?
6
What is the ten thousands digit of 1190732095?
3
What is the hundreds digit of 316651414?
4
What is the ten thousands digit of 1295500292?
0
What is the ten millions digit of 135772041?
3
What is the hundred thousands digit of 4046987?
0
What is the hundred thousands digit of 2168984?
1
What is the hundreds digit of 322665982?
9
What is the hundred thousands digit of 1359318216?
3
What is the millions digit of 276592979?
6
What is the ten thousands digit of 89507719?
0
What is the ten millions digit of 40107745?
4
What is the units digit of 37268723?
3
What is the thousands digit of 60296226?
6
What is the hundreds digit of 75160599?
5
What is the ten thousands digit of 68480854?
8
What is the hundreds digit of 106219340?
3
What is the thousands digit of 3240241956?
1
What is the thousands digit of 113583998?
3
What is the hundred millions digit of 721348489?
7
What is the tens digit of 1540086942?
4
What is the ten thousands digit of 56436274?
3
What is the millions digit of 1094736167?
4
What is the thousands digit of 125323253?
3
What is the tens digit of 1050035652?
5
What is the ten thousands digit of 304191299?
9
What is the ten millions digit of 143504481?
4
What is the ten thousands digit of 22098365?
9
What is the hundred millions digit of 759912615?
7
What is the millions digit of 3086834468?
6
What is the hundreds digit of 4203392009?
0
What is the units digit of 70715837?
7
What is the ten thousands digit of 2835823346?
2
What is the tens digit of 147597509?
0
What is the tens digit of 7779856711?
1
What is the tens digit of 527362205?
0
What is the units digit of 101502003?
3
What is the millions digit of 29860543?
9
What is the units digit of 132556465?
5
What is the ten thousands digit of 12546814?
4
What is the ten thousands digit of 3469183422?
8
What is the ten thousands digit of 1692622132?
2
What is the hundred millions digit of 3227284779?
2
What is the hundred millions digit of 145326994?
1
What is th